of 17?
False
Does 92 divide 1205659?
False
Is 314111 a multiple of 161?
True
Does 15 divide 10731450?
True
Is 5065082 a multiple of 17?
True
Does 394 divide 1397124?
True
Does 267 divide 10035195?
True
Does 522 divide 62948?
False
Is 5331886 a multiple of 1327?
True
Does 7 divide 9139217?
False
Is 2408535 a multiple of 285?
True
Is 472226 a multiple of 289?
True
Is 515885 a multiple of 5?
True
Is 5 a factor of 134725?
True
Is 7 a factor of 595841?
False
Is 5153440 a multiple of 160?
True
Is 918685 a multiple of 31?
True
Is 170 a factor of 5485560?
True
Does 69 divide 5496805?
False
Is 105 a factor of 7847504?
False
Is 45 a factor of 7155?
True
Is 47 a factor of 6391624?
True
Is 1977500 a multiple of 565?
True
Does 9 divide 490609?
False
Is 10 a factor of 562711?
False
Does 513 divide 1117827?
True
Is 32 a factor of 17885312?
True
Is 1158337 a multiple of 11?
False
Is 262153 a multiple of 103?
False
Does 9 divide 192150?
True
Is 48235 a multiple of 55?
True
Does 454 divide 2028605?
False
Is 336 a factor of 7387296?
True
Does 75 divide 990675?
True
Is 17 a factor of 21692?
True
Does 13 divide 846517?
False
Is 17 a factor of 2428229?
True
Is 10 a factor of 6773879?
False
Is 81 a factor of 1719677?
False
Does 58 divide 183164?
True
Is 2875030 a multiple of 820?
False
Does 314 divide 18141664?
True
Does 18 divide 213269?
False
Does 65 divide 1731990?
True
Is 6 a factor of 45780?
True
Does 51 divide 840945?
False
Is 20 a factor of 1040509?
False
Is 52 a factor of 10551684?
True
Is 257374 a multiple of 38?
True
Is 323 a factor of 242476?
False
Is 119106 a multiple of 16?
False
Is 42012 a multiple of 389?
True
Is 887556 a multiple of 13?
False
Is 718726 a multiple of 40?
False
Is 997 a factor of 404646?
False
Is 1267840 a multiple of 283?
True
Is 37 a factor of 28739750?
True
Does 201 divide 527615?
False
Does 11 divide 57189?
True
Does 37 divide 103600?
True
Does 31 divide 2495311?
False
Does 34 divide 202062?
True
Is 470193 a multiple of 35?
False
Does 135 divide 1118205?
True
Does 10 divide 14107?
False
Is 12 a factor of 24505?
False
Is 8089263 a multiple of 357?
True
Is 597 a factor of 18704607?
True
Is 74 a factor of 938793?
False
Does 106 divide 942535?
False
Does 5 divide 1170940?
True
Does 18 divide 36250?
False
Is 10065459 a multiple of 219?
True
Does 67 divide 113096?
True
Is 554482 a multiple of 210?
False
Does 85 divide 76859?
False
Is 322884 a multiple of 8?
False
Does 5 divide 277186?
False
Is 698 a factor of 7188441?
False
Does 4 divide 6312660?
True
Is 114195 a multiple of 326?
False
Does 13 divide 339386?
False
Does 32 divide 112128?
True
Is 1064 a multiple of 28?
True
Is 625027 a multiple of 90?
False
Does 38 divide 25612?
True
Does 14 divide 163618?
True
Does 113 divide 55483?
True
Is 32 a factor of 237474?
False
Does 792 divide 811800?
True
Does 191 divide 633359?
False
Is 9 a factor of 2186226?
True
Does 177 divide 3578055?
True
Is 182 a factor of 27643853?
False
Is 24 a factor of 86880?
True
Does 80 divide 5607589?
False
Is 92984 a multiple of 59?
True
Is 968310 a multiple of 53?
True
Is 54057 a multiple of 566?
False
Is 151 a factor of 68554?
True
Is 809 a factor of 4207279?
False
Does 35 divide 2414508?
False
Is 14971134 a multiple of 417?
True
Does 65 divide 812120?
False
Does 17 divide 2081769?
True
Does 12 divide 445788?
True
Does 109 divide 1137148?
False
Does 1189 divide 3579011?
False
Is 25 a factor of 87550?
True
Does 28 divide 1808268?
True
Does 40 divide 655760?
True
Does 14 divide 13302548?
True
Is 186 a factor of 9439872?
True
Does 19 divide 3340584?
False
Is 48 a factor of 166037?
False
Does 20 divide 249400?
True
Does 490 divide 7118720?
True
Does 88 divide 37312?
True
Is 427966 a multiple of 71?
False
Is 544738 a multiple of 5?
False
Does 14 divide 14387?
False
Is 3165707 a multiple of 21?
False
Does 500 divide 464000?
True
Is 6952 a multiple of 158?
True
Is 8213786 a multiple of 449?
False
Does 64 divide 22934?
False
Does 70 divide 739776?
False
Is 159 a factor of 163929?
True
Is 266720 a multiple of 16?
True
Is 3204311 a multiple of 37?
True
Does 220 divide 2357960?
True
Is 513 a factor of 17163877?
False
Is 1960656 a multiple of 12?
True
Is 3 a factor of 446654?
False
Is 93 a factor of 3246723?
True
Does 40 divide 7164801?
False
Is 3148558 a multiple of 140?
False
Does 60 divide 3137061?
False
Is 865 a factor of 5676995?
True
Is 100 a factor of 232500?
True
Does 5 divide 40750?
True
Is 21 a factor of 4811961?
True
Is 81 a factor of 11339190?
True
Is 115 a factor of 148349?
False
Does 28 divide 140000?
True
Is 524 a factor of 46636?
True
Is 2 a factor of 188772?
True
Is 11 a factor of 7194?
True
Is 6932 a multiple of 22?
False
Is 12871040 a multiple of 896?
True
Does 3 divide 60337?
False
Is 71107 a multiple of 3?
False
Is 475540 a multiple of 590?
True
Does 2 divide 17151?
False
Is 282 a factor of 1986276?
False
Does 259 divide 233877?
True
Does 2 divide 9876?
True
Is 6 a factor of 3134578?
False
Does 37 divide 12496287?
False
Is 534 a factor of 130163?
False
Is 39 a factor of 1635114?
True
Does 19 divide 62468?
False
Is 1283194 a multiple of 20?
False
Is 131 a factor of 4897304?
True
Is 86 a factor of 10063720?
True
Is 19 a factor of 572331?
False
Is 26 a factor of 995274?
False
Is 657602 a multiple of 421?
True
Is 3485880 a multiple of 11?
False
Is 193 a factor of 82990?
True
Is 221 a factor of 36011?
False
Does 16 divide 14112?
True
Is 182630 a multiple of 7?
True
Is 27 a factor of 11963187?
True
Is 9776272 a multiple of 316?
False
Is 110922 a multiple of 19?
True
Does 218 divide 33774?
False
Is 13 a factor of 198666?
True
Does 20 divide 2415214?
False
Does 6 divide 218382?
True
Does 20 divide 614540?
True
Is 13 a factor of 2902614?
True
Does 27 divide 6662?
False
Does 15 divide 514179?
False
Does 4 divide 3463674?
False
Is 384270 a multiple of 778?
False
Does 52 divide 54782?
False
Does 27 divide 79096?
False
Does 461 divide 672599?
True
Is 97 a factor of 564443?
True
Does 23 divide 6661781?
False
Does 248 divide 347696?
True
Is 142 a factor of 1691362?
True
Is 54090 a multiple of 18?
True
Is 17881740 a multiple of 123?
True
Is 93 a factor of 20832?
True
Does 117 divide 140369?
False
Is 174 a factor of 1960980?
True
Does 32 divide 6026592?
True
Does 471 divide 409847?
False
Does 62 divide 58590?
True
Is 209 a factor of 2595701?
False
Does 11 divide 6823658?
False
Is 478760 a multiple of 72?
False
Is 3486726 a multiple of 162?
True
Is 12 a factor of 668172?
True
Is 14 a factor of 3206?
True
Does 42 divide 15655650?
False
Does 40 divide 151309?
False
Does 17 divide 17930818?
True
Is 24 a factor of 234411?
False
Is 72 a factor of 510833?
False
Is 14 a factor of 2570120?
True
Does 16 divide 622236?
False
Is 91 a factor of 103608?
False
Does 69 divide 982520?
False
Is 67 a factor of 592436?
False
Is 15754752 a multiple of 192?
True
Is 13 a factor of 1479613?
False
Is 7 a factor of 2203390?
True
Is 143 a factor of 278135?
True
Is 189029 a multiple of 134?
False
Does 17 divide 8185313?
True
Does 318 divide 1977324?
True
Is 69 a factor of 31801223?
False
Is 28 a factor of 222544?
True
Does 16 divide 4463884?
False
Does 104 divide 2257406?
False
Does 14 divide 4921?
False
Is 14 a factor of 325570?
True
Is 145637 a multiple of 37?
False
Is 7 a factor of 1990216?
False
Does 718 divide 857150?
False
Is 9956 a multiple of 76?
True
Does 6 divide 94456?
False
Is 7 a factor of 44013?
False
Is 143231 a multiple of 29?
True
Is 11 a factor of 118833?
True
Is 383670 a multiple of 270?
True
Is 14320978 a multiple of 10?
False
Is 31899035 a multiple of 60?
False
Is 729386 a multiple of 983?
True
Is 117241 a multiple of 447?
False
Does 23 divide 13212?
False
Does 1358 divide 17462445?
False
Is 2 a factor of 54719?
False
Is 204 a factor of 492511?
False
Does 90 divide 6125760?
True
Does 67 divide 1840289?
True
Is 84 a factor of 608580?
True
Does 10 divide 27870?
True
Does 6 divide 558978?
True
Is 436002 a multiple of 33?
False
Does 84 divide 5712?
True
Is 7 a factor of 139559?
True
Is 42 a factor of 93484?
False
Is 42 a factor of 190554?
True
Does 17 divide 621197?
True
Is 112 a factor of 467264?
True
Does 4 divide 178632?
True
Is 45 a factor of 27313?
False
Is 695825 a multiple of 325?
True
Is 41 a factor of 10054799?
True
I